{"id":16143,"date":"2012-03-12T20:47:46","date_gmt":"2012-03-12T20:47:46","guid":{"rendered":"http:\/\/unasp-ec.educacao.ws\/centrowhite\/?page_id=248"},"modified":"2012-03-12T20:47:46","modified_gmt":"2012-03-12T20:47:46","slug":"mensagem-do-presidente","status":"publish","type":"page","link":"https:\/\/brendolin.com.br\/centrowhite\/iasd\/mensagem-do-presidente\/","title":{"rendered":"Mensagem do Presidente"},"content":{"rendered":"<h2 style=\"text-align: center;\">Estamos dispostos? \u2013 Um reavivamanto \u00e0 piedade primitiva \u00e9 nossa mais urgente necessidade<\/h2>\n<p><img loading=\"lazy\" decoding=\"async\" class=\"alignleft size-full wp-image-732\" style=\"border-color: #bbbbbb; margin-top: 0.4em; background-color: #eeeeee;\" alt=\"Ted Wilson\" src=\"http:\/\/centrowhite.org.br\/wp-content\/uploads\/2012\/03\/ted-wilson.jpeg\" width=\"274\" height=\"184\" \/><\/p>\n<p style=\"text-align: justify;\">Uma das maiores perguntas que enfrenta a Igreja Adventista hoje \u00e9: estamos dispostos a sairmos de nossa zona de conforto e comodidade para permitir que Deus fa\u00e7a o que \u00e9 necess\u00e1rio para preparar a cada um de n\u00f3s atrav\u00e9s de um verdadeiro reavivamento pessoal e corporativo, para uma mudan\u00e7a ou reforma em nossas vidas e assim sermos mais semelhantes a Jesus e recebermos a chuva Ser\u00f4dia?<\/p>\n<p>Tudo isso s\u00f3 pode ocorrer atrav\u00e9s do poder do Esp\u00edrito Santo. A resposta para esta quest\u00e3o \u00e9 sua escolha e minha. Como todos sabemos, Deus n\u00e3o nos obriga a cumprir seus desejos. Ele convida, incentiva, e insiste conosco para respondermos aos seus conselhos e desejos. Nos \u00faltimos meses o chamado para reavivamento e reforma tem chegado para a igreja em todo o mundo atrav\u00e9s de nossos l\u00edderes. Qual tem sido sua rea\u00e7\u00e3o?<\/p>\n<p>H\u00e1 mais de 100 anos, Ellen G White, a serva do Senhor, disse, \u201cUm reavivamento da verdadeira piedade entre n\u00f3s, eis a maior e a mais urgente de todas as nossas necessidades. Busc\u00e1-lo, deve ser nossa primeira ocupa\u00e7\u00e3o\u201d (RH, 22 de mar\u00e7o, 1887).<\/p>\n<p>Ainda \u00e9 nossa maior necessidade, e ainda deve ser nossa primeira ocupa\u00e7\u00e3o, pois Jesus n\u00e3o veio. Como estamos fazendo aquilo que deveria ser nosso primeira ocupa\u00e7\u00e3o e compreendendo a nossa maior necessidade? O modelo da igreja apost\u00f3lica, como se prepararam para o Pentecostes nos ajuda hoje.<\/p>\n<p>Antes de subir ao c\u00e9u, Jesus disse aos seus disc\u00edpulos que eles receberiam poder para cumprir a miss\u00e3o que lhes tinha dado. Em Lucas 24:49 (NVI) Ele disse: \u201cAgora eu vos enviarei o que meu Pai prometeu, mas permane\u00e7am na cidade at\u00e9 que sejais revestidos do poder do alto\u201d.<\/p>\n<p>Estas palavras s\u00e3o refor\u00e7adas em Atos 1:5,8 (NVI), \u201cPois Jo\u00e3o batizou com \u00e1gua, mas dentro de poucos dias voc\u00eas ser\u00e3o batizados com o Esp\u00edrito Santo. Mas receber\u00e3o poder quando o Esp\u00edrito Santo descer sobre voc\u00eas, e ser\u00e3o minhas testemunhas em Jerusal\u00e9m, em toda a Jud\u00e9ia e Samaria, e at\u00e9 os confins da terra\u201d<\/p>\n<p>Jesus disse aos seus disc\u00edpulos para voltarem para Jerusal\u00e9m e esperar pelo poder que viria do pai.<\/p>\n<p>O per\u00edodo de espera foi de cerca de 10 dias, mas eles n\u00e3o colocaram os p\u00e9s sobre a mesa para esperar de forma ociosa. Foi, sim, um tempo de intensa prepara\u00e7\u00e3o. Lucas nos d\u00e1 uma vis\u00e3o ligeira daquilo que foi feito: \u201d Todos eles se reuniam sempre em ora\u00e7\u00e3o, com as mulheres, inclusive Maria, a m\u00e3e de Jesus, e com os irm\u00e3os de Jesus. \u201d (Atos 1:14 (NVI). Ele faz essa observa\u00e7\u00e3o adicional: \u201d Chegando o dia de Pentecoste, estavam todos reunidos num s\u00f3 lugar.\u201d(Atos 02:01 NVI).<\/p>\n<p>Ellen White vai al\u00e9m e explica esta experi\u00eancia de forma mais completa: \u201cFoi pela confiss\u00e3o e pelo abandono do pecado, por meio de fervorosa ora\u00e7\u00e3o e da entrega pessoal a Deus, que os disc\u00edpulos se prepararam para o derramamento do Esp\u00edrito Santo no dia de Pentecoste. O mesmo trabalho, apenas em grau mais elevado, deve ser feito agora.\u201d (TM, p. 507)<\/p>\n<p>Temos as ordens, Deus est\u00e1 esperando para derramar seu Esp\u00edrito Santo sobre seu povo remanescentes que lhe dar\u00e1 poder para terminar a obra de pregar as tr\u00eas mensagens ang\u00e9licas. A obra feita pelos disc\u00edpulos deve ser feita por n\u00f3s, s\u00f3 que em maior grau. N\u00e3o podemos receber este poder a menos que estejamos dispostos a sair de nossa zona de conforto e permitir ao Esp\u00edrito fazer o trabalho dentro de n\u00f3s que nos colocar\u00e1 em uma posi\u00e7\u00e3o para receber o poder. Que trabalho temos que fazer? Confiss\u00e3o, \u00e9-nos dito, pedir perd\u00e3o pelos pecados, fervorosa ora\u00e7\u00e3o e consagra\u00e7\u00e3o a Deus.<\/p>\n<p>Ainda devemos responder a pergunta, estamos dispostos a sair da nossa zona de conforto e confessar e abandonar nosso pecados, orar com fervor por nos mesmos e com nossos irm\u00e3os e irm\u00e3s pelo poder prometido, e consagra-nos a n\u00f3s mesmos a Deus e a Ele somente? S\u00f3 voc\u00ea e eu podemos responder essa pergunta de forma pessoal.<\/p>\n<p>Em mensagens posteriores insistiremos mais sobre a experi\u00eancia dos disc\u00edpulos quando se preparavam para o Dia de Pentecostes. Lucas nos diz que eles se reuniam para orar. Mas o que mais fizeram? \u00c9 uma chave para sabermos por que Deus quer que insistamos com Ele por reavivamento e reforma, e, a chuva ser\u00f4dia do Esp\u00edrito Santo, em antecipa\u00e7\u00e3o da vinda iminente de Cristo.<\/p>\n<p class=\"right\"><strong>Ted N. C. Wilson<\/strong><\/p>\n<p class=\"right\"><em>Presidente Mundial da Igreja Adventista do S\u00e9timo Dia.<\/em><\/p>\n<hr \/>\n<p class=\"center\"><strong>Artigo original em:<\/strong> <a href=\"http:\/\/www.revivalandreformation.org\" target=\"_blank\" rel=\"noopener\">http:\/\/www.revivalandreformation.org<\/a><\/p>\n","protected":false},"excerpt":{"rendered":"<p>Estamos dispostos? \u2013 Um reavivamanto \u00e0 piedade primitiva \u00e9 nossa mais urgente necessidade Uma das maiores perguntas que enfrenta a Igreja Adventista hoje \u00e9: estamos dispostos a sairmos de nossa zona de conforto e comodidade para permitir que Deus fa\u00e7a o que \u00e9 necess\u00e1rio para preparar a cada um de n\u00f3s atrav\u00e9s de um verdadeiro [&hellip;]<\/p>\n","protected":false},"author":1,"featured_media":0,"parent":498,"menu_order":5,"comment_status":"closed","ping_status":"closed","template":"","meta":{"footnotes":""},"class_list":["post-16143","page","type-page","status-publish","hentry"],"_links":{"self":[{"href":"https:\/\/brendolin.com.br\/centrowhite\/wp-json\/wp\/v2\/pages\/16143","targetHints":{"allow":["GET"]}}],"collection":[{"href":"https:\/\/brendolin.com.br\/centrowhite\/wp-json\/wp\/v2\/pages"}],"about":[{"href":"https:\/\/brendolin.com.br\/centrowhite\/wp-json\/wp\/v2\/types\/page"}],"author":[{"embeddable":true,"href":"https:\/\/brendolin.com.br\/centrowhite\/wp-json\/wp\/v2\/users\/1"}],"replies":[{"embeddable":true,"href":"https:\/\/brendolin.com.br\/centrowhite\/wp-json\/wp\/v2\/comments?post=16143"}],"version-history":[{"count":0,"href":"https:\/\/brendolin.com.br\/centrowhite\/wp-json\/wp\/v2\/pages\/16143\/revisions"}],"up":[{"embeddable":true,"href":"https:\/\/brendolin.com.br\/centrowhite\/wp-json\/wp\/v2\/pages\/498"}],"wp:attachment":[{"href":"https:\/\/brendolin.com.br\/centrowhite\/wp-json\/wp\/v2\/media?parent=16143"}],"curies":[{"name":"wp","href":"https:\/\/api.w.org\/{rel}","templated":true}]}}